{"id":560,"date":"2022-03-24T12:16:20","date_gmt":"2022-03-24T11:16:20","guid":{"rendered":"https:\/\/ssmsandomierz.home.pl\/autoinstalator\/wordpressplugins\/?page_id=560"},"modified":"2025-07-31T14:57:26","modified_gmt":"2025-07-31T12:57:26","slug":"zarzad-ssm","status":"publish","type":"page","link":"https:\/\/ssmsandomierz.pl\/index.php\/zarzad-ssm\/","title":{"rendered":"PWIREG"},"content":{"rendered":"\t\t<div data-elementor-type=\"wp-page\" data-elementor-id=\"560\" class=\"elementor elementor-560\">\n\t\t\t\t\t\t<section class=\"elementor-section elementor-top-section elementor-element elementor-element-01abd73 elementor-section-boxed elementor-section-height-default elementor-section-height-default wpr-particle-no wpr-jarallax-no wpr-parallax-no wpr-sticky-section-no\" data-id=\"01abd73\" data-element_type=\"section\" data-settings=\"{&quot;background_background&quot;:&quot;classic&quot;}\">\n\t\t\t\t\t\t\t<div class=\"elementor-background-overlay\"><\/div>\n\t\t\t\t\t\t\t<div class=\"elementor-container elementor-column-gap-default\">\n\t\t\t\t\t<div class=\"elementor-column elementor-col-100 elementor-top-column elementor-element elementor-element-a371f91\" data-id=\"a371f91\" data-element_type=\"column\" data-settings=\"{&quot;background_background&quot;:&quot;classic&quot;}\">\n\t\t\t<div class=\"elementor-widget-wrap elementor-element-populated\">\n\t\t\t\t\t\t<div class=\"elementor-element elementor-element-90b0525 elementor-widget elementor-widget-heading\" data-id=\"90b0525\" data-element_type=\"widget\" data-widget_type=\"heading.default\">\n\t\t\t\t<div class=\"elementor-widget-container\">\n\t\t\t\t\t<h2 class=\"elementor-heading-title elementor-size-default\">REGULAMIN DOST\u0118PU DO Pro Mieszka\u0144ca<\/h2>\t\t\t\t<\/div>\n\t\t\t\t<\/div>\n\t\t\t\t<section class=\"elementor-section elementor-inner-section elementor-element elementor-element-fd32de6 elementor-section-boxed elementor-section-height-default elementor-section-height-default wpr-particle-no wpr-jarallax-no wpr-parallax-no wpr-sticky-section-no\" data-id=\"fd32de6\" data-element_type=\"section\">\n\t\t\t\t\t\t<div class=\"elementor-container elementor-column-gap-default\">\n\t\t\t\t\t<div class=\"elementor-column elementor-col-100 elementor-inner-column elementor-element elementor-element-af45a25\" data-id=\"af45a25\" data-element_type=\"column\">\n\t\t\t<div class=\"elementor-widget-wrap elementor-element-populated\">\n\t\t\t\t\t\t<div class=\"elementor-element elementor-element-d0b94f2 elementor-widget elementor-widget-text-editor\" data-id=\"d0b94f2\" data-element_type=\"widget\" data-widget_type=\"text-editor.default\">\n\t\t\t\t<div class=\"elementor-widget-container\">\n\t\t\t\t\t\t\t\t\t<p align=\"center\">Regulamin korzystania z serwisu<\/p><p align=\"center\">PRO Mieszkaniec<\/p><p align=\"center\">Sandomierskiej Sp\u00f3\u0142dzielni Mieszkaniowej w\u00a0 Sandomierzu<\/p><p align=\"center\">\u00a71<\/p><p>U\u017cytkownikiem serwisu Pro Mieszkaniec Sandomierskiej Sp\u00f3\u0142dzielni Mieszkaniowej w Sandomierzu mo\u017ce by\u0107 osoba b\u0119d\u0105ca w\u0142a\u015bcicielem lub posiadacz sp\u00f3\u0142dzielczego prawa do lokalu mieszkalnego, gara\u017cu, lokalu u\u017cytkowego &#8211;\u00a0 znajduj\u0105cego si\u0119 w zasobach Sandomierskiej Sp\u00f3\u0142dzielni Mieszkaniowej,\u00a0 w Sandomierzu.<\/p><p align=\"center\">\u00a72<\/p><p>Warunkiem uzyskania dost\u0119pu do serwisu jest z\u0142o\u017cenie pisemnego wniosku o utworzenie konta w Pro Mieszkaniec, umo\u017cliwiaj\u0105cego do niego dost\u0119p. Wz\u00f3r wniosku jest dost\u0119pny do pobrania na stronie internetowej Sp\u00f3\u0142dzielni lub w siedzibie administracji SSM, kt\u00f3ry po wype\u0142nieniu\u00a0 i podpisaniu nale\u017cy z\u0142o\u017cy\u0107 w Sekretariacie Zarz\u0105du przy ul. Maciejowskiego 17 w Sandomierzu, przes\u0142a\u0107 podpisany podpisem kwalifikowanym lub profilem zaufanym na adres sekretariat@ssmsandomierz.pl lub przes\u0142a\u0107 listem na adres Sp\u00f3\u0142dzielni.<\/p><p align=\"center\">\u00a73<\/p><p>Rozpatrzenie wniosku o utworzenie konta, jak i korzystanie z serwisu<br \/>Pro Mieszkaniec Sandomierskiej Sp\u00f3\u0142dzielni Mieszkaniowej w Sandomierzu jest bezp\u0142atne.<\/p><p align=\"center\">\u00a74<\/p><p>Korzystanie z serwisu Pro Mieszkaniec Sandomierskiej Sp\u00f3\u0142dzielni Mieszkaniowej w Sandomierzu mo\u017cna rozpocz\u0105\u0107 po otrzymaniu drog\u0105 elektroniczn\u0105 identyfikatora oraz has\u0142a pierwszego logowania\u00a0 O mo\u017cliwo\u015bci logowania wnioskodawca zostanie poinformowany drog\u0105 elektroniczn\u0105 (e-mail) a has\u0142o pierwszego logowania zostanie przekazane telefonicznie w ci\u0105gu 5 najbli\u017cszych dni roboczych od momentu z\u0142o\u017cenia wniosku. Na \u017cyczenie klienta identyfikator i has\u0142o u\u017cytkownika mo\u017ce by\u0107 przekazane osobi\u015bcie w siedzibie Sp\u00f3\u0142dzielni<\/p><p align=\"center\">\u00a75<\/p><p>Dost\u0119p do serwisu\u00a0 Pro Mieszkaniec mo\u017cliwy jest przez internet\u00a0 przy u\u017cyciu dowolnej przegl\u0105darki internetowej loguj\u0105c si\u0119 ze strony\u00a0 www.ssmsandomierz.pl<\/p>\t\t\t\t\t\t\t\t<\/div>\n\t\t\t\t<\/div>\n\t\t\t\t\t<\/div>\n\t\t<\/div>\n\t\t\t\t\t<\/div>\n\t\t<\/section>\n\t\t\t\t\t<\/div>\n\t\t<\/div>\n\t\t\t\t\t<\/div>\n\t\t<\/section>\n\t\t\t\t<section class=\"elementor-section elementor-top-section elementor-element elementor-element-4d48a13c elementor-section-stretched elementor-section-boxed elementor-section-height-default elementor-section-height-default wpr-particle-no wpr-jarallax-no wpr-parallax-no wpr-sticky-section-no\" data-id=\"4d48a13c\" data-element_type=\"section\" data-settings=\"{&quot;background_background&quot;:&quot;classic&quot;,&quot;stretch_section&quot;:&quot;section-stretched&quot;}\">\n\t\t\t\t\t\t\t<div class=\"elementor-background-overlay\"><\/div>\n\t\t\t\t\t\t\t<div class=\"elementor-container elementor-column-gap-default\">\n\t\t\t\t\t<div class=\"elementor-column elementor-col-100 elementor-top-column elementor-element elementor-element-fc52333\" data-id=\"fc52333\" data-element_type=\"column\" data-settings=\"{&quot;background_background&quot;:&quot;classic&quot;}\">\n\t\t\t<div class=\"elementor-widget-wrap elementor-element-populated\">\n\t\t\t\t\t\t<section class=\"elementor-section elementor-inner-section elementor-element elementor-element-27d6b32f elementor-section-boxed elementor-section-height-default elementor-section-height-default wpr-particle-no wpr-jarallax-no wpr-parallax-no wpr-sticky-section-no\" data-id=\"27d6b32f\" data-element_type=\"section\">\n\t\t\t\t\t\t<div class=\"elementor-container elementor-column-gap-default\">\n\t\t\t\t\t<div class=\"elementor-column elementor-col-100 elementor-inner-column elementor-element elementor-element-3ac6f3f8\" data-id=\"3ac6f3f8\" data-element_type=\"column\">\n\t\t\t<div class=\"elementor-widget-wrap elementor-element-populated\">\n\t\t\t\t\t\t<div class=\"elementor-element elementor-element-2c0e7f84 elementor-widget-divider--view-line elementor-widget elementor-widget-divider\" data-id=\"2c0e7f84\" data-element_type=\"widget\" data-widget_type=\"divider.default\">\n\t\t\t\t<div class=\"elementor-widget-container\">\n\t\t\t\t\t\t\t<div class=\"elementor-divider\">\n\t\t\t<span class=\"elementor-divider-separator\">\n\t\t\t\t\t\t<\/span>\n\t\t<\/div>\n\t\t\t\t\t\t<\/div>\n\t\t\t\t<\/div>\n\t\t\t\t\t<\/div>\n\t\t<\/div>\n\t\t\t\t\t<\/div>\n\t\t<\/section>\n\t\t\t\t<section class=\"elementor-section elementor-inner-section elementor-element elementor-element-5ec5e714 elementor-section-boxed elementor-section-height-default elementor-section-height-default wpr-particle-no wpr-jarallax-no wpr-parallax-no wpr-sticky-section-no\" data-id=\"5ec5e714\" data-element_type=\"section\">\n\t\t\t\t\t\t<div class=\"elementor-container elementor-column-gap-default\">\n\t\t\t\t\t<div class=\"elementor-column elementor-col-33 elementor-inner-column elementor-element elementor-element-19c8fe81\" data-id=\"19c8fe81\" data-element_type=\"column\">\n\t\t\t<div class=\"elementor-widget-wrap elementor-element-populated\">\n\t\t\t\t\t\t<div class=\"elementor-element elementor-element-6702c0b elementor-widget elementor-widget-image\" data-id=\"6702c0b\" data-element_type=\"widget\" data-widget_type=\"image.default\">\n\t\t\t\t<div class=\"elementor-widget-container\">\n\t\t\t\t\t\t\t\t\t\t\t\t\t\t\t<img fetchpriority=\"high\" decoding=\"async\" width=\"500\" height=\"370\" src=\"https:\/\/ssmsandomierz.pl\/wp-content\/uploads\/2022\/03\/cropped-cropped-logo2.png\" class=\"attachment-large size-large wp-image-818\" alt=\"\" srcset=\"https:\/\/ssmsandomierz.pl\/wp-content\/uploads\/2022\/03\/cropped-cropped-logo2.png 500w, https:\/\/ssmsandomierz.pl\/wp-content\/uploads\/2022\/03\/cropped-cropped-logo2-300x222.png 300w, https:\/\/ssmsandomierz.pl\/wp-content\/uploads\/2022\/03\/cropped-cropped-logo2-480x355.png 480w\" sizes=\"(max-width: 500px) 100vw, 500px\" \/>\t\t\t\t\t\t\t\t\t\t\t\t\t\t\t<\/div>\n\t\t\t\t<\/div>\n\t\t\t\t\t<\/div>\n\t\t<\/div>\n\t\t\t\t<div class=\"elementor-column elementor-col-66 elementor-inner-column elementor-element elementor-element-6b5474e4\" data-id=\"6b5474e4\" data-element_type=\"column\">\n\t\t\t<div class=\"elementor-widget-wrap elementor-element-populated\">\n\t\t\t\t\t\t<div class=\"elementor-element elementor-element-438b5c4f elementor-widget elementor-widget-text-editor\" data-id=\"438b5c4f\" data-element_type=\"widget\" data-widget_type=\"text-editor.default\">\n\t\t\t\t<div class=\"elementor-widget-container\">\n\t\t\t\t\t\t\t\t\t<p><strong>SANDOMIERSKA SP\u00d3\u0141DZIELNIA MIESZKANIOWA<\/strong><\/p><p><span style=\"letter-spacing: 0px;\">Sekretariat\u00a0 tel: 15 832 57 44<\/span><\/p><p><span style=\"letter-spacing: 0px;\">email: sekretariat@ssmsandomierz.pl<\/span><\/p>\t\t\t\t\t\t\t\t<\/div>\n\t\t\t\t<\/div>\n\t\t\t\t<div class=\"elementor-element elementor-element-317544d3 elementor-shape-rounded elementor-grid-0 e-grid-align-center elementor-widget elementor-widget-social-icons\" data-id=\"317544d3\" data-element_type=\"widget\" data-widget_type=\"social-icons.default\">\n\t\t\t\t<div class=\"elementor-widget-container\">\n\t\t\t\t\t\t\t<div class=\"elementor-social-icons-wrapper elementor-grid\">\n\t\t\t\t\t\t\t<span class=\"elementor-grid-item\">\n\t\t\t\t\t<a class=\"elementor-icon elementor-social-icon elementor-social-icon-facebook elementor-repeater-item-6a41ff8\" href=\"https:\/\/www.facebook.com\/profile.php?id=100083968991424\" target=\"_blank\">\n\t\t\t\t\t\t<span class=\"elementor-screen-only\">Facebook<\/span>\n\t\t\t\t\t\t<i class=\"fab fa-facebook\"><\/i>\t\t\t\t\t<\/a>\n\t\t\t\t<\/span>\n\t\t\t\t\t<\/div>\n\t\t\t\t\t\t<\/div>\n\t\t\t\t<\/div>\n\t\t\t\t\t<\/div>\n\t\t<\/div>\n\t\t\t\t\t<\/div>\n\t\t<\/section>\n\t\t\t\t<div class=\"elementor-element elementor-element-2960f12 elementor-widget elementor-widget-spacer\" data-id=\"2960f12\" data-element_type=\"widget\" data-widget_type=\"spacer.default\">\n\t\t\t\t<div class=\"elementor-widget-container\">\n\t\t\t\t\t\t\t<div class=\"elementor-spacer\">\n\t\t\t<div class=\"elementor-spacer-inner\"><\/div>\n\t\t<\/div>\n\t\t\t\t\t\t<\/div>\n\t\t\t\t<\/div>\n\t\t\t\t\t<\/div>\n\t\t<\/div>\n\t\t\t\t\t<\/div>\n\t\t<\/section>\n\t\t\t\t<\/div>\n\t\t","protected":false},"excerpt":{"rendered":"<p>REGULAMIN DOST\u0118PU DO Pro Mieszka\u0144ca Regulamin korzystania z serwisu PRO Mieszkaniec Sandomierskiej Sp\u00f3\u0142dzielni Mieszkaniowej w\u00a0 Sandomierzu \u00a71 U\u017cytkownikiem serwisu Pro Mieszkaniec Sandomierskiej Sp\u00f3\u0142dzielni Mieszkaniowej w Sandomierzu mo\u017ce by\u0107 osoba b\u0119d\u0105ca w\u0142a\u015bcicielem lub posiadacz sp\u00f3\u0142dzielczego prawa do lokalu mieszkalnego, gara\u017cu, lokalu u\u017cytkowego &#8211;\u00a0 znajduj\u0105cego si\u0119 w zasobach Sandomierskiej Sp\u00f3\u0142dzielni Mieszkaniowej,\u00a0 w Sandomierzu. \u00a72 Warunkiem uzyskania dost\u0119pu do serwisu jest z\u0142o\u017cenie pisemnego wniosku o utworzenie konta w Pro Mieszkaniec, umo\u017cliwiaj\u0105cego do niego dost\u0119p. Wz\u00f3r wniosku jest dost\u0119pny do pobrania na stronie internetowej Sp\u00f3\u0142dzielni lub w siedzibie administracji SSM, kt\u00f3ry po wype\u0142nieniu\u00a0 i podpisaniu nale\u017cy z\u0142o\u017cy\u0107 w Sekretariacie Zarz\u0105du przy ul. Maciejowskiego 17 w Sandomierzu, przes\u0142a\u0107 podpisany podpisem kwalifikowanym lub profilem zaufanym na adres sekretariat@ssmsandomierz.pl lub przes\u0142a\u0107 listem na adres Sp\u00f3\u0142dzielni. \u00a73 Rozpatrzenie wniosku o utworzenie konta, jak i korzystanie z serwisuPro Mieszkaniec Sandomierskiej Sp\u00f3\u0142dzielni Mieszkaniowej w Sandomierzu jest bezp\u0142atne. \u00a74 Korzystanie z serwisu Pro Mieszkaniec Sandomierskiej Sp\u00f3\u0142dzielni Mieszkaniowej w Sandomierzu mo\u017cna rozpocz\u0105\u0107 po otrzymaniu drog\u0105 elektroniczn\u0105 identyfikatora oraz has\u0142a pierwszego logowania\u00a0 O mo\u017cliwo\u015bci logowania wnioskodawca zostanie poinformowany drog\u0105 elektroniczn\u0105 (e-mail) a has\u0142o pierwszego logowania zostanie przekazane telefonicznie w ci\u0105gu 5 najbli\u017cszych dni roboczych od momentu z\u0142o\u017cenia wniosku. Na \u017cyczenie klienta identyfikator i has\u0142o u\u017cytkownika mo\u017ce by\u0107 przekazane osobi\u015bcie w siedzibie Sp\u00f3\u0142dzielni \u00a75 Dost\u0119p do serwisu\u00a0 Pro Mieszkaniec mo\u017cliwy jest przez internet\u00a0 przy u\u017cyciu dowolnej przegl\u0105darki internetowej loguj\u0105c si\u0119 ze strony\u00a0 www.ssmsandomierz.pl SANDOMIERSKA SP\u00d3\u0141DZIELNIA MIESZKANIOWA Sekretariat\u00a0 tel: 15 832 57 44 email: sekretariat@ssmsandomierz.pl Facebook<\/p>\n","protected":false},"author":1,"featured_media":0,"parent":0,"menu_order":0,"comment_status":"closed","ping_status":"closed","template":"","meta":{"footnotes":""},"class_list":["post-560","page","type-page","status-publish","hentry"],"yoast_head":"<!-- This site is optimized with the Yoast SEO plugin v24.8.1 - https:\/\/yoast.com\/wordpress\/plugins\/seo\/ -->\n<title>PWIREG - Sandomierska Sp\u00f3\u0142dzielnia Mieszkaniowa<\/title>\n<meta name=\"robots\" content=\"index, follow, max-snippet:-1, max-image-preview:large, max-video-preview:-1\" \/>\n<link rel=\"canonical\" href=\"https:\/\/ssmsandomierz.pl\/index.php\/zarzad-ssm\/\" \/>\n<meta property=\"og:locale\" content=\"pl_PL\" \/>\n<meta property=\"og:type\" content=\"article\" \/>\n<meta property=\"og:title\" content=\"PWIREG - Sandomierska Sp\u00f3\u0142dzielnia Mieszkaniowa\" \/>\n<meta property=\"og:description\" content=\"REGULAMIN DOST\u0118PU DO Pro Mieszka\u0144ca Regulamin korzystania z serwisu PRO Mieszkaniec Sandomierskiej Sp\u00f3\u0142dzielni Mieszkaniowej w\u00a0 Sandomierzu \u00a71 U\u017cytkownikiem serwisu Pro Mieszkaniec Sandomierskiej Sp\u00f3\u0142dzielni Mieszkaniowej w Sandomierzu mo\u017ce by\u0107 osoba b\u0119d\u0105ca w\u0142a\u015bcicielem lub posiadacz sp\u00f3\u0142dzielczego prawa do lokalu mieszkalnego, gara\u017cu, lokalu u\u017cytkowego &#8211;\u00a0 znajduj\u0105cego si\u0119 w zasobach Sandomierskiej Sp\u00f3\u0142dzielni Mieszkaniowej,\u00a0 w Sandomierzu. \u00a72 Warunkiem uzyskania dost\u0119pu do serwisu jest z\u0142o\u017cenie pisemnego wniosku o utworzenie konta w Pro Mieszkaniec, umo\u017cliwiaj\u0105cego do niego dost\u0119p. Wz\u00f3r wniosku jest dost\u0119pny do pobrania na stronie internetowej Sp\u00f3\u0142dzielni lub w siedzibie administracji SSM, kt\u00f3ry po wype\u0142nieniu\u00a0 i podpisaniu nale\u017cy z\u0142o\u017cy\u0107 w Sekretariacie Zarz\u0105du przy ul. Maciejowskiego 17 w Sandomierzu, przes\u0142a\u0107 podpisany podpisem kwalifikowanym lub profilem zaufanym na adres sekretariat@ssmsandomierz.pl lub przes\u0142a\u0107 listem na adres Sp\u00f3\u0142dzielni. \u00a73 Rozpatrzenie wniosku o utworzenie konta, jak i korzystanie z serwisuPro Mieszkaniec Sandomierskiej Sp\u00f3\u0142dzielni Mieszkaniowej w Sandomierzu jest bezp\u0142atne. \u00a74 Korzystanie z serwisu Pro Mieszkaniec Sandomierskiej Sp\u00f3\u0142dzielni Mieszkaniowej w Sandomierzu mo\u017cna rozpocz\u0105\u0107 po otrzymaniu drog\u0105 elektroniczn\u0105 identyfikatora oraz has\u0142a pierwszego logowania\u00a0 O mo\u017cliwo\u015bci logowania wnioskodawca zostanie poinformowany drog\u0105 elektroniczn\u0105 (e-mail) a has\u0142o pierwszego logowania zostanie przekazane telefonicznie w ci\u0105gu 5 najbli\u017cszych dni roboczych od momentu z\u0142o\u017cenia wniosku. Na \u017cyczenie klienta identyfikator i has\u0142o u\u017cytkownika mo\u017ce by\u0107 przekazane osobi\u015bcie w siedzibie Sp\u00f3\u0142dzielni \u00a75 Dost\u0119p do serwisu\u00a0 Pro Mieszkaniec mo\u017cliwy jest przez internet\u00a0 przy u\u017cyciu dowolnej przegl\u0105darki internetowej loguj\u0105c si\u0119 ze strony\u00a0 www.ssmsandomierz.pl SANDOMIERSKA SP\u00d3\u0141DZIELNIA MIESZKANIOWA Sekretariat\u00a0 tel: 15 832 57 44 email: sekretariat@ssmsandomierz.pl Facebook\" \/>\n<meta property=\"og:url\" content=\"https:\/\/ssmsandomierz.pl\/index.php\/zarzad-ssm\/\" \/>\n<meta property=\"og:site_name\" content=\"Sandomierska Sp\u00f3\u0142dzielnia Mieszkaniowa\" \/>\n<meta property=\"article:modified_time\" content=\"2025-07-31T12:57:26+00:00\" \/>\n<meta property=\"og:image\" content=\"https:\/\/ssmsandomierz.pl\/wp-content\/uploads\/2022\/03\/cropped-cropped-logo2.png\" \/>\n\t<meta property=\"og:image:width\" content=\"500\" \/>\n\t<meta property=\"og:image:height\" content=\"370\" \/>\n\t<meta property=\"og:image:type\" content=\"image\/png\" \/>\n<meta name=\"twitter:card\" content=\"summary_large_image\" \/>\n<meta name=\"twitter:label1\" content=\"Szacowany czas czytania\" \/>\n\t<meta name=\"twitter:data1\" content=\"2 minuty\" \/>\n<script type=\"application\/ld+json\" class=\"yoast-schema-graph\">{\"@context\":\"https:\/\/schema.org\",\"@graph\":[{\"@type\":\"WebPage\",\"@id\":\"https:\/\/ssmsandomierz.pl\/index.php\/zarzad-ssm\/\",\"url\":\"https:\/\/ssmsandomierz.pl\/index.php\/zarzad-ssm\/\",\"name\":\"PWIREG - Sandomierska Sp\u00f3\u0142dzielnia Mieszkaniowa\",\"isPartOf\":{\"@id\":\"https:\/\/ssmsandomierz.pl\/#website\"},\"primaryImageOfPage\":{\"@id\":\"https:\/\/ssmsandomierz.pl\/index.php\/zarzad-ssm\/#primaryimage\"},\"image\":{\"@id\":\"https:\/\/ssmsandomierz.pl\/index.php\/zarzad-ssm\/#primaryimage\"},\"thumbnailUrl\":\"https:\/\/ssmsandomierz.pl\/wp-content\/uploads\/2022\/03\/cropped-cropped-logo2.png\",\"datePublished\":\"2022-03-24T11:16:20+00:00\",\"dateModified\":\"2025-07-31T12:57:26+00:00\",\"breadcrumb\":{\"@id\":\"https:\/\/ssmsandomierz.pl\/index.php\/zarzad-ssm\/#breadcrumb\"},\"inLanguage\":\"pl-PL\",\"potentialAction\":[{\"@type\":\"ReadAction\",\"target\":[\"https:\/\/ssmsandomierz.pl\/index.php\/zarzad-ssm\/\"]}]},{\"@type\":\"ImageObject\",\"inLanguage\":\"pl-PL\",\"@id\":\"https:\/\/ssmsandomierz.pl\/index.php\/zarzad-ssm\/#primaryimage\",\"url\":\"https:\/\/ssmsandomierz.pl\/wp-content\/uploads\/2022\/03\/cropped-cropped-logo2.png\",\"contentUrl\":\"https:\/\/ssmsandomierz.pl\/wp-content\/uploads\/2022\/03\/cropped-cropped-logo2.png\",\"width\":500,\"height\":370},{\"@type\":\"BreadcrumbList\",\"@id\":\"https:\/\/ssmsandomierz.pl\/index.php\/zarzad-ssm\/#breadcrumb\",\"itemListElement\":[{\"@type\":\"ListItem\",\"position\":1,\"name\":\"Home\",\"item\":\"https:\/\/ssmsandomierz.pl\/\"},{\"@type\":\"ListItem\",\"position\":2,\"name\":\"PWIREG\"}]},{\"@type\":\"WebSite\",\"@id\":\"https:\/\/ssmsandomierz.pl\/#website\",\"url\":\"https:\/\/ssmsandomierz.pl\/\",\"name\":\"Sandomierska Sp\u00f3\u0142dzielnia Mieszkaniowa\",\"description\":\"\",\"publisher\":{\"@id\":\"https:\/\/ssmsandomierz.pl\/#organization\"},\"potentialAction\":[{\"@type\":\"SearchAction\",\"target\":{\"@type\":\"EntryPoint\",\"urlTemplate\":\"https:\/\/ssmsandomierz.pl\/?s={search_term_string}\"},\"query-input\":{\"@type\":\"PropertyValueSpecification\",\"valueRequired\":true,\"valueName\":\"search_term_string\"}}],\"inLanguage\":\"pl-PL\"},{\"@type\":\"Organization\",\"@id\":\"https:\/\/ssmsandomierz.pl\/#organization\",\"name\":\"Sandomierska Sp\u00f3\u0142dzielnia Mieszkaniowa\",\"url\":\"https:\/\/ssmsandomierz.pl\/\",\"logo\":{\"@type\":\"ImageObject\",\"inLanguage\":\"pl-PL\",\"@id\":\"https:\/\/ssmsandomierz.pl\/#\/schema\/logo\/image\/\",\"url\":\"https:\/\/ssmsandomierz.pl\/wp-content\/uploads\/2025\/04\/cropped-przezrocz.png\",\"contentUrl\":\"https:\/\/ssmsandomierz.pl\/wp-content\/uploads\/2025\/04\/cropped-przezrocz.png\",\"width\":1151,\"height\":512,\"caption\":\"Sandomierska Sp\u00f3\u0142dzielnia Mieszkaniowa\"},\"image\":{\"@id\":\"https:\/\/ssmsandomierz.pl\/#\/schema\/logo\/image\/\"}}]}<\/script>\n<!-- \/ Yoast SEO plugin. -->","yoast_head_json":{"title":"PWIREG - Sandomierska Sp\u00f3\u0142dzielnia Mieszkaniowa","robots":{"index":"index","follow":"follow","max-snippet":"max-snippet:-1","max-image-preview":"max-image-preview:large","max-video-preview":"max-video-preview:-1"},"canonical":"https:\/\/ssmsandomierz.pl\/index.php\/zarzad-ssm\/","og_locale":"pl_PL","og_type":"article","og_title":"PWIREG - Sandomierska Sp\u00f3\u0142dzielnia Mieszkaniowa","og_description":"REGULAMIN DOST\u0118PU DO Pro Mieszka\u0144ca Regulamin korzystania z serwisu PRO Mieszkaniec Sandomierskiej Sp\u00f3\u0142dzielni Mieszkaniowej w\u00a0 Sandomierzu \u00a71 U\u017cytkownikiem serwisu Pro Mieszkaniec Sandomierskiej Sp\u00f3\u0142dzielni Mieszkaniowej w Sandomierzu mo\u017ce by\u0107 osoba b\u0119d\u0105ca w\u0142a\u015bcicielem lub posiadacz sp\u00f3\u0142dzielczego prawa do lokalu mieszkalnego, gara\u017cu, lokalu u\u017cytkowego &#8211;\u00a0 znajduj\u0105cego si\u0119 w zasobach Sandomierskiej Sp\u00f3\u0142dzielni Mieszkaniowej,\u00a0 w Sandomierzu. \u00a72 Warunkiem uzyskania dost\u0119pu do serwisu jest z\u0142o\u017cenie pisemnego wniosku o utworzenie konta w Pro Mieszkaniec, umo\u017cliwiaj\u0105cego do niego dost\u0119p. Wz\u00f3r wniosku jest dost\u0119pny do pobrania na stronie internetowej Sp\u00f3\u0142dzielni lub w siedzibie administracji SSM, kt\u00f3ry po wype\u0142nieniu\u00a0 i podpisaniu nale\u017cy z\u0142o\u017cy\u0107 w Sekretariacie Zarz\u0105du przy ul. Maciejowskiego 17 w Sandomierzu, przes\u0142a\u0107 podpisany podpisem kwalifikowanym lub profilem zaufanym na adres sekretariat@ssmsandomierz.pl lub przes\u0142a\u0107 listem na adres Sp\u00f3\u0142dzielni. \u00a73 Rozpatrzenie wniosku o utworzenie konta, jak i korzystanie z serwisuPro Mieszkaniec Sandomierskiej Sp\u00f3\u0142dzielni Mieszkaniowej w Sandomierzu jest bezp\u0142atne. \u00a74 Korzystanie z serwisu Pro Mieszkaniec Sandomierskiej Sp\u00f3\u0142dzielni Mieszkaniowej w Sandomierzu mo\u017cna rozpocz\u0105\u0107 po otrzymaniu drog\u0105 elektroniczn\u0105 identyfikatora oraz has\u0142a pierwszego logowania\u00a0 O mo\u017cliwo\u015bci logowania wnioskodawca zostanie poinformowany drog\u0105 elektroniczn\u0105 (e-mail) a has\u0142o pierwszego logowania zostanie przekazane telefonicznie w ci\u0105gu 5 najbli\u017cszych dni roboczych od momentu z\u0142o\u017cenia wniosku. Na \u017cyczenie klienta identyfikator i has\u0142o u\u017cytkownika mo\u017ce by\u0107 przekazane osobi\u015bcie w siedzibie Sp\u00f3\u0142dzielni \u00a75 Dost\u0119p do serwisu\u00a0 Pro Mieszkaniec mo\u017cliwy jest przez internet\u00a0 przy u\u017cyciu dowolnej przegl\u0105darki internetowej loguj\u0105c si\u0119 ze strony\u00a0 www.ssmsandomierz.pl SANDOMIERSKA SP\u00d3\u0141DZIELNIA MIESZKANIOWA Sekretariat\u00a0 tel: 15 832 57 44 email: sekretariat@ssmsandomierz.pl Facebook","og_url":"https:\/\/ssmsandomierz.pl\/index.php\/zarzad-ssm\/","og_site_name":"Sandomierska Sp\u00f3\u0142dzielnia Mieszkaniowa","article_modified_time":"2025-07-31T12:57:26+00:00","og_image":[{"width":500,"height":370,"url":"https:\/\/ssmsandomierz.pl\/wp-content\/uploads\/2022\/03\/cropped-cropped-logo2.png","type":"image\/png"}],"twitter_card":"summary_large_image","twitter_misc":{"Szacowany czas czytania":"2 minuty"},"schema":{"@context":"https:\/\/schema.org","@graph":[{"@type":"WebPage","@id":"https:\/\/ssmsandomierz.pl\/index.php\/zarzad-ssm\/","url":"https:\/\/ssmsandomierz.pl\/index.php\/zarzad-ssm\/","name":"PWIREG - Sandomierska Sp\u00f3\u0142dzielnia Mieszkaniowa","isPartOf":{"@id":"https:\/\/ssmsandomierz.pl\/#website"},"primaryImageOfPage":{"@id":"https:\/\/ssmsandomierz.pl\/index.php\/zarzad-ssm\/#primaryimage"},"image":{"@id":"https:\/\/ssmsandomierz.pl\/index.php\/zarzad-ssm\/#primaryimage"},"thumbnailUrl":"https:\/\/ssmsandomierz.pl\/wp-content\/uploads\/2022\/03\/cropped-cropped-logo2.png","datePublished":"2022-03-24T11:16:20+00:00","dateModified":"2025-07-31T12:57:26+00:00","breadcrumb":{"@id":"https:\/\/ssmsandomierz.pl\/index.php\/zarzad-ssm\/#breadcrumb"},"inLanguage":"pl-PL","potentialAction":[{"@type":"ReadAction","target":["https:\/\/ssmsandomierz.pl\/index.php\/zarzad-ssm\/"]}]},{"@type":"ImageObject","inLanguage":"pl-PL","@id":"https:\/\/ssmsandomierz.pl\/index.php\/zarzad-ssm\/#primaryimage","url":"https:\/\/ssmsandomierz.pl\/wp-content\/uploads\/2022\/03\/cropped-cropped-logo2.png","contentUrl":"https:\/\/ssmsandomierz.pl\/wp-content\/uploads\/2022\/03\/cropped-cropped-logo2.png","width":500,"height":370},{"@type":"BreadcrumbList","@id":"https:\/\/ssmsandomierz.pl\/index.php\/zarzad-ssm\/#breadcrumb","itemListElement":[{"@type":"ListItem","position":1,"name":"Home","item":"https:\/\/ssmsandomierz.pl\/"},{"@type":"ListItem","position":2,"name":"PWIREG"}]},{"@type":"WebSite","@id":"https:\/\/ssmsandomierz.pl\/#website","url":"https:\/\/ssmsandomierz.pl\/","name":"Sandomierska Sp\u00f3\u0142dzielnia Mieszkaniowa","description":"","publisher":{"@id":"https:\/\/ssmsandomierz.pl\/#organization"},"potentialAction":[{"@type":"SearchAction","target":{"@type":"EntryPoint","urlTemplate":"https:\/\/ssmsandomierz.pl\/?s={search_term_string}"},"query-input":{"@type":"PropertyValueSpecification","valueRequired":true,"valueName":"search_term_string"}}],"inLanguage":"pl-PL"},{"@type":"Organization","@id":"https:\/\/ssmsandomierz.pl\/#organization","name":"Sandomierska Sp\u00f3\u0142dzielnia Mieszkaniowa","url":"https:\/\/ssmsandomierz.pl\/","logo":{"@type":"ImageObject","inLanguage":"pl-PL","@id":"https:\/\/ssmsandomierz.pl\/#\/schema\/logo\/image\/","url":"https:\/\/ssmsandomierz.pl\/wp-content\/uploads\/2025\/04\/cropped-przezrocz.png","contentUrl":"https:\/\/ssmsandomierz.pl\/wp-content\/uploads\/2025\/04\/cropped-przezrocz.png","width":1151,"height":512,"caption":"Sandomierska Sp\u00f3\u0142dzielnia Mieszkaniowa"},"image":{"@id":"https:\/\/ssmsandomierz.pl\/#\/schema\/logo\/image\/"}}]}},"_links":{"self":[{"href":"https:\/\/ssmsandomierz.pl\/index.php\/wp-json\/wp\/v2\/pages\/560","targetHints":{"allow":["GET"]}}],"collection":[{"href":"https:\/\/ssmsandomierz.pl\/index.php\/wp-json\/wp\/v2\/pages"}],"about":[{"href":"https:\/\/ssmsandomierz.pl\/index.php\/wp-json\/wp\/v2\/types\/page"}],"author":[{"embeddable":true,"href":"https:\/\/ssmsandomierz.pl\/index.php\/wp-json\/wp\/v2\/users\/1"}],"replies":[{"embeddable":true,"href":"https:\/\/ssmsandomierz.pl\/index.php\/wp-json\/wp\/v2\/comments?post=560"}],"version-history":[{"count":46,"href":"https:\/\/ssmsandomierz.pl\/index.php\/wp-json\/wp\/v2\/pages\/560\/revisions"}],"predecessor-version":[{"id":4881,"href":"https:\/\/ssmsandomierz.pl\/index.php\/wp-json\/wp\/v2\/pages\/560\/revisions\/4881"}],"wp:attachment":[{"href":"https:\/\/ssmsandomierz.pl\/index.php\/wp-json\/wp\/v2\/media?parent=560"}],"curies":[{"name":"wp","href":"https:\/\/api.w.org\/{rel}","templated":true}]}}