{"id":614,"date":"2022-03-24T13:53:15","date_gmt":"2022-03-24T12:53:15","guid":{"rendered":"https:\/\/ssmsandomierz.home.pl\/autoinstalator\/wordpressplugins\/?page_id=614"},"modified":"2025-08-04T12:29:38","modified_gmt":"2025-08-04T10:29:38","slug":"wniosek-o-dostep","status":"publish","type":"page","link":"https:\/\/ssmsandomierz.pl\/index.php\/wniosek-o-dostep\/","title":{"rendered":"Wniosek o dost\u0119p"},"content":{"rendered":"\t\t<div data-elementor-type=\"wp-page\" data-elementor-id=\"614\" class=\"elementor elementor-614\">\n\t\t\t\t\t\t<section class=\"elementor-section elementor-top-section elementor-element elementor-element-d3b0fd9 elementor-section-stretched elementor-section-boxed elementor-section-height-default elementor-section-height-default wpr-particle-no wpr-jarallax-no wpr-parallax-no wpr-sticky-section-no\" data-id=\"d3b0fd9\" data-element_type=\"section\" data-settings=\"{&quot;background_background&quot;:&quot;classic&quot;,&quot;stretch_section&quot;:&quot;section-stretched&quot;}\">\n\t\t\t\t\t\t\t<div class=\"elementor-background-overlay\"><\/div>\n\t\t\t\t\t\t\t<div class=\"elementor-container elementor-column-gap-default\">\n\t\t\t\t\t<div class=\"elementor-column elementor-col-100 elementor-top-column elementor-element elementor-element-744eb8fa\" data-id=\"744eb8fa\" data-element_type=\"column\" data-settings=\"{&quot;background_background&quot;:&quot;classic&quot;}\">\n\t\t\t<div class=\"elementor-widget-wrap elementor-element-populated\">\n\t\t\t\t\t\t<section class=\"elementor-section elementor-inner-section elementor-element elementor-element-b30d41c elementor-section-boxed elementor-section-height-default elementor-section-height-default wpr-particle-no wpr-jarallax-no wpr-parallax-no wpr-sticky-section-no\" data-id=\"b30d41c\" data-element_type=\"section\">\n\t\t\t\t\t\t<div class=\"elementor-container elementor-column-gap-default\">\n\t\t\t\t\t<div class=\"elementor-column elementor-col-100 elementor-inner-column elementor-element elementor-element-87bd485\" data-id=\"87bd485\" data-element_type=\"column\">\n\t\t\t<div class=\"elementor-widget-wrap elementor-element-populated\">\n\t\t\t\t\t\t<div class=\"elementor-element elementor-element-6ffd7913 envato-kit-138-bracket elementor-widget__width-inherit elementor-widget elementor-widget-heading\" data-id=\"6ffd7913\" data-element_type=\"widget\" data-widget_type=\"heading.default\">\n\t\t\t\t<div class=\"elementor-widget-container\">\n\t\t\t\t\t<h3 class=\"elementor-heading-title elementor-size-default\">wniosek i procedura uzyskania dost\u0119pu\n do PRO Mieszka\u0144ca<\/h3>\t\t\t\t<\/div>\n\t\t\t\t<\/div>\n\t\t\t\t<div class=\"elementor-element elementor-element-4b4c5be3 elementor-widget-divider--view-line elementor-widget elementor-widget-divider\" data-id=\"4b4c5be3\" data-element_type=\"widget\" data-widget_type=\"divider.default\">\n\t\t\t\t<div class=\"elementor-widget-container\">\n\t\t\t\t\t\t\t<div class=\"elementor-divider\">\n\t\t\t<span class=\"elementor-divider-separator\">\n\t\t\t\t\t\t<\/span>\n\t\t<\/div>\n\t\t\t\t\t\t<\/div>\n\t\t\t\t<\/div>\n\t\t\t\t\t<\/div>\n\t\t<\/div>\n\t\t\t\t\t<\/div>\n\t\t<\/section>\n\t\t\t\t<div class=\"elementor-element elementor-element-66d651f elementor-widget elementor-widget-text-editor\" data-id=\"66d651f\" data-element_type=\"widget\" data-widget_type=\"text-editor.default\">\n\t\t\t\t<div class=\"elementor-widget-container\">\n\t\t\t\t\t\t\t\t\t<p>\u00a0<\/p><p>W celu uzyskania dost\u0119pu do\u00a0 aplikacji PRO Mieszkaniec prosimy o\u00a0 wype\u0142nienie i dostarczenie podpisanego orygina\u0142u do siedziby sp\u00f3\u0142dzielni. O\u015bwiadczenie wype\u0142nia i podpisuje wy\u0142\u0105cznie w\u0142a\u015bciciel lokalu, aktualnie zasiedlony (osoba na kt\u00f3r\u0105 wydawane s\u0105 ksi\u0105\u017ceczki op\u0142at).<\/p><p align=\"center\">W celu uzyskania dost\u0119pu prosimy o zaznaczenie<br \/>odpowiednich p\u00f3l w sekcji Korespondencja elektroniczna w za\u0142\u0105czonym o\u015bwiadczeniu<\/p><p align=\"center\">Nast\u0119pnie otrzymaj\u0105 Pa\u0144stwo \u00a0drog\u0105 elektroniczn\u0105 adres strony logowania, nazw\u0119 u\u017cytkownika i has\u0142o pierwszego logowania.<\/p><p>O\u015bwiadczenie mo\u017cna dostarczy\u0107 osobi\u015bcie do sekretariatu lub\u00a0\u00a0<span style=\"font-family: var( --e-global-typography-secondary-font-family ), Sans-serif; font-size: var( --e-global-typography-secondary-font-size ); font-weight: var( --e-global-typography-secondary-font-weight ); letter-spacing: 0px;\">przes\u0142a\u0107 wype\u0142nione o\u015bwiadczenie i podpisane profilem zaufanym lub podpisem kwalifikowanym na adres\u00a0 <\/span><strong style=\"font-family: var( --e-global-typography-secondary-font-family ), Sans-serif; font-size: var( --e-global-typography-secondary-font-size ); letter-spacing: 0px;\">sekretariat@ssmsandomierz.pl<\/strong><\/p><p>lub przes\u0142a\u0107 orygina\u0142 poczt\u0105 na adres<\/p><p align=\"center\"><strong>Sandomierska Sp\u00f3\u0142dzielnia Mieszkaniowa<\/strong><\/p><p align=\"center\"><strong>ul. Maciejowskiego 17<\/strong><\/p><p align=\"center\"><strong>27-600 Sandomierz<\/strong><\/p>\t\t\t\t\t\t\t\t<\/div>\n\t\t\t\t<\/div>\n\t\t\t\t<section class=\"elementor-section elementor-inner-section elementor-element elementor-element-14d8964 elementor-section-full_width elementor-section-height-default elementor-section-height-default wpr-particle-no wpr-jarallax-no wpr-parallax-no wpr-sticky-section-no\" data-id=\"14d8964\" data-element_type=\"section\">\n\t\t\t\t\t\t<div class=\"elementor-container elementor-column-gap-default\">\n\t\t\t\t\t<div class=\"elementor-column elementor-col-100 elementor-inner-column elementor-element elementor-element-60d30e81\" data-id=\"60d30e81\" data-element_type=\"column\" data-settings=\"{&quot;background_background&quot;:&quot;classic&quot;}\">\n\t\t\t<div class=\"elementor-widget-wrap elementor-element-populated\">\n\t\t\t\t\t\t<div class=\"elementor-element elementor-element-7a634f6 elementor-align-center elementor-icon-list--layout-traditional elementor-list-item-link-full_width elementor-widget elementor-widget-icon-list\" data-id=\"7a634f6\" data-element_type=\"widget\" data-widget_type=\"icon-list.default\">\n\t\t\t\t<div class=\"elementor-widget-container\">\n\t\t\t\t\t\t\t<ul class=\"elementor-icon-list-items\">\n\t\t\t\t\t\t\t<li class=\"elementor-icon-list-item\">\n\t\t\t\t\t\t\t\t\t\t\t<a href=\"https:\/\/ssmsandomierz.pl\/wp-content\/uploads\/2025\/07\/Oswiadczenie-korespondencja082025.pdf\" target=\"_blank\">\n\n\t\t\t\t\t\t\t\t\t\t\t\t<span class=\"elementor-icon-list-icon\">\n\t\t\t\t\t\t\t<i aria-hidden=\"true\" class=\"fas fa-file-download\"><\/i>\t\t\t\t\t\t<\/span>\n\t\t\t\t\t\t\t\t\t\t<span class=\"elementor-icon-list-text\">O\u015bwiadczenie dotycz\u0105ce korespondencji z SSM - Adres korespondencyjny, e-faktury, PWI<\/span>\n\t\t\t\t\t\t\t\t\t\t\t<\/a>\n\t\t\t\t\t\t\t\t\t<\/li>\n\t\t\t\t\t\t<\/ul>\n\t\t\t\t\t\t<\/div>\n\t\t\t\t<\/div>\n\t\t\t\t\t<\/div>\n\t\t<\/div>\n\t\t\t\t\t<\/div>\n\t\t<\/section>\n\t\t\t\t<div class=\"elementor-element elementor-element-5c2b6a1 elementor-align-center elementor-widget elementor-widget-button\" data-id=\"5c2b6a1\" data-element_type=\"widget\" data-widget_type=\"button.default\">\n\t\t\t\t<div class=\"elementor-widget-container\">\n\t\t\t\t\t\t\t\t\t<div class=\"elementor-button-wrapper\">\n\t\t\t\t\t<a class=\"elementor-button elementor-button-link elementor-size-sm\" href=\"https:\/\/ssmsandomierz.promieszkaniec.pl\" target=\"_blank\">\n\t\t\t\t\t\t<span class=\"elementor-button-content-wrapper\">\n\t\t\t\t\t\t<span class=\"elementor-button-icon\">\n\t\t\t\t<i aria-hidden=\"true\" class=\"fas fa-arrow-alt-circle-right\"><\/i>\t\t\t<\/span>\n\t\t\t\t\t\t\t\t\t<span class=\"elementor-button-text\">LOGOWANIE<\/span>\n\t\t\t\t\t<\/span>\n\t\t\t\t\t<\/a>\n\t\t\t\t<\/div>\n\t\t\t\t\t\t\t\t<\/div>\n\t\t\t\t<\/div>\n\t\t\t\t<div class=\"elementor-element elementor-element-48387d44 elementor-widget elementor-widget-spacer\" data-id=\"48387d44\" data-element_type=\"widget\" data-widget_type=\"spacer.default\">\n\t\t\t\t<div class=\"elementor-widget-container\">\n\t\t\t\t\t\t\t<div class=\"elementor-spacer\">\n\t\t\t<div class=\"elementor-spacer-inner\"><\/div>\n\t\t<\/div>\n\t\t\t\t\t\t<\/div>\n\t\t\t\t<\/div>\n\t\t\t\t<div class=\"elementor-element elementor-element-d51321f elementor-widget elementor-widget-spacer\" data-id=\"d51321f\" data-element_type=\"widget\" data-widget_type=\"spacer.default\">\n\t\t\t\t<div class=\"elementor-widget-container\">\n\t\t\t\t\t\t\t<div class=\"elementor-spacer\">\n\t\t\t<div class=\"elementor-spacer-inner\"><\/div>\n\t\t<\/div>\n\t\t\t\t\t\t<\/div>\n\t\t\t\t<\/div>\n\t\t\t\t\t<\/div>\n\t\t<\/div>\n\t\t\t\t\t<\/div>\n\t\t<\/section>\n\t\t\t\t<section class=\"elementor-section elementor-top-section elementor-element elementor-element-49f05bd elementor-section-boxed elementor-section-height-default elementor-section-height-default wpr-particle-no wpr-jarallax-no wpr-parallax-no wpr-sticky-section-no\" data-id=\"49f05bd\" data-element_type=\"section\">\n\t\t\t\t\t\t<div class=\"elementor-container elementor-column-gap-default\">\n\t\t\t\t\t<div class=\"elementor-column elementor-col-100 elementor-top-column elementor-element elementor-element-6a920a5\" data-id=\"6a920a5\" data-element_type=\"column\">\n\t\t\t<div class=\"elementor-widget-wrap elementor-element-populated\">\n\t\t\t\t\t\t<div class=\"elementor-element elementor-element-376f6d1 elementor-widget elementor-widget-button\" data-id=\"376f6d1\" data-element_type=\"widget\" data-widget_type=\"button.default\">\n\t\t\t\t<div class=\"elementor-widget-container\">\n\t\t\t\t\t\t\t\t\t<div class=\"elementor-button-wrapper\">\n\t\t\t\t\t<a class=\"elementor-button elementor-button-link elementor-size-sm\" href=\"#\">\n\t\t\t\t\t\t<span class=\"elementor-button-content-wrapper\">\n\t\t\t\t\t\t\t\t\t<span class=\"elementor-button-text\">Kliknij tutaj<\/span>\n\t\t\t\t\t<\/span>\n\t\t\t\t\t<\/a>\n\t\t\t\t<\/div>\n\t\t\t\t\t\t\t\t<\/div>\n\t\t\t\t<\/div>\n\t\t\t\t\t<\/div>\n\t\t<\/div>\n\t\t\t\t\t<\/div>\n\t\t<\/section>\n\t\t\t\t<\/div>\n\t\t","protected":false},"excerpt":{"rendered":"<p>wniosek i procedura uzyskania dost\u0119pu do PRO Mieszka\u0144ca \u00a0 W celu uzyskania dost\u0119pu do\u00a0 aplikacji PRO Mieszkaniec prosimy o\u00a0 wype\u0142nienie i dostarczenie podpisanego orygina\u0142u do siedziby sp\u00f3\u0142dzielni. O\u015bwiadczenie wype\u0142nia i podpisuje wy\u0142\u0105cznie w\u0142a\u015bciciel lokalu, aktualnie zasiedlony (osoba na kt\u00f3r\u0105 wydawane s\u0105 ksi\u0105\u017ceczki op\u0142at). W celu uzyskania dost\u0119pu prosimy o zaznaczenieodpowiednich p\u00f3l w sekcji Korespondencja elektroniczna w za\u0142\u0105czonym o\u015bwiadczeniu Nast\u0119pnie otrzymaj\u0105 Pa\u0144stwo \u00a0drog\u0105 elektroniczn\u0105 adres strony logowania, nazw\u0119 u\u017cytkownika i has\u0142o pierwszego logowania. O\u015bwiadczenie mo\u017cna dostarczy\u0107 osobi\u015bcie do sekretariatu lub\u00a0\u00a0przes\u0142a\u0107 wype\u0142nione o\u015bwiadczenie i podpisane profilem zaufanym lub podpisem kwalifikowanym na adres\u00a0 sekretariat@ssmsandomierz.pl lub przes\u0142a\u0107 orygina\u0142 poczt\u0105 na adres Sandomierska Sp\u00f3\u0142dzielnia Mieszkaniowa ul. Maciejowskiego 17 27-600 Sandomierz O\u015bwiadczenie dotycz\u0105ce korespondencji z SSM &#8211; Adres korespondencyjny, e-faktury, PWI LOGOWANIE Kliknij tutaj<\/p>\n","protected":false},"author":1,"featured_media":0,"parent":0,"menu_order":0,"comment_status":"closed","ping_status":"closed","template":"","meta":{"footnotes":""},"class_list":["post-614","page","type-page","status-publish","hentry"],"yoast_head":"<!-- This site is optimized with the Yoast SEO plugin v24.8.1 - https:\/\/yoast.com\/wordpress\/plugins\/seo\/ -->\n<title>Wniosek o dost\u0119p - Sandomierska Sp\u00f3\u0142dzielnia Mieszkaniowa<\/title>\n<meta name=\"robots\" content=\"index, follow, max-snippet:-1, max-image-preview:large, max-video-preview:-1\" \/>\n<link rel=\"canonical\" href=\"https:\/\/ssmsandomierz.pl\/index.php\/wniosek-o-dostep\/\" \/>\n<meta property=\"og:locale\" content=\"pl_PL\" \/>\n<meta property=\"og:type\" content=\"article\" \/>\n<meta property=\"og:title\" content=\"Wniosek o dost\u0119p - Sandomierska Sp\u00f3\u0142dzielnia Mieszkaniowa\" \/>\n<meta property=\"og:description\" content=\"wniosek i procedura uzyskania dost\u0119pu do PRO Mieszka\u0144ca \u00a0 W celu uzyskania dost\u0119pu do\u00a0 aplikacji PRO Mieszkaniec prosimy o\u00a0 wype\u0142nienie i dostarczenie podpisanego orygina\u0142u do siedziby sp\u00f3\u0142dzielni. O\u015bwiadczenie wype\u0142nia i podpisuje wy\u0142\u0105cznie w\u0142a\u015bciciel lokalu, aktualnie zasiedlony (osoba na kt\u00f3r\u0105 wydawane s\u0105 ksi\u0105\u017ceczki op\u0142at). W celu uzyskania dost\u0119pu prosimy o zaznaczenieodpowiednich p\u00f3l w sekcji Korespondencja elektroniczna w za\u0142\u0105czonym o\u015bwiadczeniu Nast\u0119pnie otrzymaj\u0105 Pa\u0144stwo \u00a0drog\u0105 elektroniczn\u0105 adres strony logowania, nazw\u0119 u\u017cytkownika i has\u0142o pierwszego logowania. O\u015bwiadczenie mo\u017cna dostarczy\u0107 osobi\u015bcie do sekretariatu lub\u00a0\u00a0przes\u0142a\u0107 wype\u0142nione o\u015bwiadczenie i podpisane profilem zaufanym lub podpisem kwalifikowanym na adres\u00a0 sekretariat@ssmsandomierz.pl lub przes\u0142a\u0107 orygina\u0142 poczt\u0105 na adres Sandomierska Sp\u00f3\u0142dzielnia Mieszkaniowa ul. Maciejowskiego 17 27-600 Sandomierz O\u015bwiadczenie dotycz\u0105ce korespondencji z SSM &#8211; Adres korespondencyjny, e-faktury, PWI LOGOWANIE Kliknij tutaj\" \/>\n<meta property=\"og:url\" content=\"https:\/\/ssmsandomierz.pl\/index.php\/wniosek-o-dostep\/\" \/>\n<meta property=\"og:site_name\" content=\"Sandomierska Sp\u00f3\u0142dzielnia Mieszkaniowa\" \/>\n<meta property=\"article:modified_time\" content=\"2025-08-04T10:29:38+00:00\" \/>\n<meta name=\"twitter:card\" content=\"summary_large_image\" \/>\n<meta name=\"twitter:label1\" content=\"Szacowany czas czytania\" \/>\n\t<meta name=\"twitter:data1\" content=\"1 minuta\" \/>\n<script type=\"application\/ld+json\" class=\"yoast-schema-graph\">{\"@context\":\"https:\/\/schema.org\",\"@graph\":[{\"@type\":\"WebPage\",\"@id\":\"https:\/\/ssmsandomierz.pl\/index.php\/wniosek-o-dostep\/\",\"url\":\"https:\/\/ssmsandomierz.pl\/index.php\/wniosek-o-dostep\/\",\"name\":\"Wniosek o dost\u0119p - Sandomierska Sp\u00f3\u0142dzielnia Mieszkaniowa\",\"isPartOf\":{\"@id\":\"https:\/\/ssmsandomierz.pl\/#website\"},\"datePublished\":\"2022-03-24T12:53:15+00:00\",\"dateModified\":\"2025-08-04T10:29:38+00:00\",\"breadcrumb\":{\"@id\":\"https:\/\/ssmsandomierz.pl\/index.php\/wniosek-o-dostep\/#breadcrumb\"},\"inLanguage\":\"pl-PL\",\"potentialAction\":[{\"@type\":\"ReadAction\",\"target\":[\"https:\/\/ssmsandomierz.pl\/index.php\/wniosek-o-dostep\/\"]}]},{\"@type\":\"BreadcrumbList\",\"@id\":\"https:\/\/ssmsandomierz.pl\/index.php\/wniosek-o-dostep\/#breadcrumb\",\"itemListElement\":[{\"@type\":\"ListItem\",\"position\":1,\"name\":\"Home\",\"item\":\"https:\/\/ssmsandomierz.pl\/\"},{\"@type\":\"ListItem\",\"position\":2,\"name\":\"Wniosek o dost\u0119p\"}]},{\"@type\":\"WebSite\",\"@id\":\"https:\/\/ssmsandomierz.pl\/#website\",\"url\":\"https:\/\/ssmsandomierz.pl\/\",\"name\":\"Sandomierska Sp\u00f3\u0142dzielnia Mieszkaniowa\",\"description\":\"\",\"publisher\":{\"@id\":\"https:\/\/ssmsandomierz.pl\/#organization\"},\"potentialAction\":[{\"@type\":\"SearchAction\",\"target\":{\"@type\":\"EntryPoint\",\"urlTemplate\":\"https:\/\/ssmsandomierz.pl\/?s={search_term_string}\"},\"query-input\":{\"@type\":\"PropertyValueSpecification\",\"valueRequired\":true,\"valueName\":\"search_term_string\"}}],\"inLanguage\":\"pl-PL\"},{\"@type\":\"Organization\",\"@id\":\"https:\/\/ssmsandomierz.pl\/#organization\",\"name\":\"Sandomierska Sp\u00f3\u0142dzielnia Mieszkaniowa\",\"url\":\"https:\/\/ssmsandomierz.pl\/\",\"logo\":{\"@type\":\"ImageObject\",\"inLanguage\":\"pl-PL\",\"@id\":\"https:\/\/ssmsandomierz.pl\/#\/schema\/logo\/image\/\",\"url\":\"https:\/\/ssmsandomierz.pl\/wp-content\/uploads\/2025\/04\/cropped-przezrocz.png\",\"contentUrl\":\"https:\/\/ssmsandomierz.pl\/wp-content\/uploads\/2025\/04\/cropped-przezrocz.png\",\"width\":1151,\"height\":512,\"caption\":\"Sandomierska Sp\u00f3\u0142dzielnia Mieszkaniowa\"},\"image\":{\"@id\":\"https:\/\/ssmsandomierz.pl\/#\/schema\/logo\/image\/\"}}]}<\/script>\n<!-- \/ Yoast SEO plugin. -->","yoast_head_json":{"title":"Wniosek o dost\u0119p - Sandomierska Sp\u00f3\u0142dzielnia Mieszkaniowa","robots":{"index":"index","follow":"follow","max-snippet":"max-snippet:-1","max-image-preview":"max-image-preview:large","max-video-preview":"max-video-preview:-1"},"canonical":"https:\/\/ssmsandomierz.pl\/index.php\/wniosek-o-dostep\/","og_locale":"pl_PL","og_type":"article","og_title":"Wniosek o dost\u0119p - Sandomierska Sp\u00f3\u0142dzielnia Mieszkaniowa","og_description":"wniosek i procedura uzyskania dost\u0119pu do PRO Mieszka\u0144ca \u00a0 W celu uzyskania dost\u0119pu do\u00a0 aplikacji PRO Mieszkaniec prosimy o\u00a0 wype\u0142nienie i dostarczenie podpisanego orygina\u0142u do siedziby sp\u00f3\u0142dzielni. O\u015bwiadczenie wype\u0142nia i podpisuje wy\u0142\u0105cznie w\u0142a\u015bciciel lokalu, aktualnie zasiedlony (osoba na kt\u00f3r\u0105 wydawane s\u0105 ksi\u0105\u017ceczki op\u0142at). W celu uzyskania dost\u0119pu prosimy o zaznaczenieodpowiednich p\u00f3l w sekcji Korespondencja elektroniczna w za\u0142\u0105czonym o\u015bwiadczeniu Nast\u0119pnie otrzymaj\u0105 Pa\u0144stwo \u00a0drog\u0105 elektroniczn\u0105 adres strony logowania, nazw\u0119 u\u017cytkownika i has\u0142o pierwszego logowania. O\u015bwiadczenie mo\u017cna dostarczy\u0107 osobi\u015bcie do sekretariatu lub\u00a0\u00a0przes\u0142a\u0107 wype\u0142nione o\u015bwiadczenie i podpisane profilem zaufanym lub podpisem kwalifikowanym na adres\u00a0 sekretariat@ssmsandomierz.pl lub przes\u0142a\u0107 orygina\u0142 poczt\u0105 na adres Sandomierska Sp\u00f3\u0142dzielnia Mieszkaniowa ul. Maciejowskiego 17 27-600 Sandomierz O\u015bwiadczenie dotycz\u0105ce korespondencji z SSM &#8211; Adres korespondencyjny, e-faktury, PWI LOGOWANIE Kliknij tutaj","og_url":"https:\/\/ssmsandomierz.pl\/index.php\/wniosek-o-dostep\/","og_site_name":"Sandomierska Sp\u00f3\u0142dzielnia Mieszkaniowa","article_modified_time":"2025-08-04T10:29:38+00:00","twitter_card":"summary_large_image","twitter_misc":{"Szacowany czas czytania":"1 minuta"},"schema":{"@context":"https:\/\/schema.org","@graph":[{"@type":"WebPage","@id":"https:\/\/ssmsandomierz.pl\/index.php\/wniosek-o-dostep\/","url":"https:\/\/ssmsandomierz.pl\/index.php\/wniosek-o-dostep\/","name":"Wniosek o dost\u0119p - Sandomierska Sp\u00f3\u0142dzielnia Mieszkaniowa","isPartOf":{"@id":"https:\/\/ssmsandomierz.pl\/#website"},"datePublished":"2022-03-24T12:53:15+00:00","dateModified":"2025-08-04T10:29:38+00:00","breadcrumb":{"@id":"https:\/\/ssmsandomierz.pl\/index.php\/wniosek-o-dostep\/#breadcrumb"},"inLanguage":"pl-PL","potentialAction":[{"@type":"ReadAction","target":["https:\/\/ssmsandomierz.pl\/index.php\/wniosek-o-dostep\/"]}]},{"@type":"BreadcrumbList","@id":"https:\/\/ssmsandomierz.pl\/index.php\/wniosek-o-dostep\/#breadcrumb","itemListElement":[{"@type":"ListItem","position":1,"name":"Home","item":"https:\/\/ssmsandomierz.pl\/"},{"@type":"ListItem","position":2,"name":"Wniosek o dost\u0119p"}]},{"@type":"WebSite","@id":"https:\/\/ssmsandomierz.pl\/#website","url":"https:\/\/ssmsandomierz.pl\/","name":"Sandomierska Sp\u00f3\u0142dzielnia Mieszkaniowa","description":"","publisher":{"@id":"https:\/\/ssmsandomierz.pl\/#organization"},"potentialAction":[{"@type":"SearchAction","target":{"@type":"EntryPoint","urlTemplate":"https:\/\/ssmsandomierz.pl\/?s={search_term_string}"},"query-input":{"@type":"PropertyValueSpecification","valueRequired":true,"valueName":"search_term_string"}}],"inLanguage":"pl-PL"},{"@type":"Organization","@id":"https:\/\/ssmsandomierz.pl\/#organization","name":"Sandomierska Sp\u00f3\u0142dzielnia Mieszkaniowa","url":"https:\/\/ssmsandomierz.pl\/","logo":{"@type":"ImageObject","inLanguage":"pl-PL","@id":"https:\/\/ssmsandomierz.pl\/#\/schema\/logo\/image\/","url":"https:\/\/ssmsandomierz.pl\/wp-content\/uploads\/2025\/04\/cropped-przezrocz.png","contentUrl":"https:\/\/ssmsandomierz.pl\/wp-content\/uploads\/2025\/04\/cropped-przezrocz.png","width":1151,"height":512,"caption":"Sandomierska Sp\u00f3\u0142dzielnia Mieszkaniowa"},"image":{"@id":"https:\/\/ssmsandomierz.pl\/#\/schema\/logo\/image\/"}}]}},"_links":{"self":[{"href":"https:\/\/ssmsandomierz.pl\/index.php\/wp-json\/wp\/v2\/pages\/614","targetHints":{"allow":["GET"]}}],"collection":[{"href":"https:\/\/ssmsandomierz.pl\/index.php\/wp-json\/wp\/v2\/pages"}],"about":[{"href":"https:\/\/ssmsandomierz.pl\/index.php\/wp-json\/wp\/v2\/types\/page"}],"author":[{"embeddable":true,"href":"https:\/\/ssmsandomierz.pl\/index.php\/wp-json\/wp\/v2\/users\/1"}],"replies":[{"embeddable":true,"href":"https:\/\/ssmsandomierz.pl\/index.php\/wp-json\/wp\/v2\/comments?post=614"}],"version-history":[{"count":40,"href":"https:\/\/ssmsandomierz.pl\/index.php\/wp-json\/wp\/v2\/pages\/614\/revisions"}],"predecessor-version":[{"id":4890,"href":"https:\/\/ssmsandomierz.pl\/index.php\/wp-json\/wp\/v2\/pages\/614\/revisions\/4890"}],"wp:attachment":[{"href":"https:\/\/ssmsandomierz.pl\/index.php\/wp-json\/wp\/v2\/media?parent=614"}],"curies":[{"name":"wp","href":"https:\/\/api.w.org\/{rel}","templated":true}]}}